{"id":2817,"date":"2014-11-11T14:46:48","date_gmt":"2014-11-11T13:46:48","guid":{"rendered":"http:\/\/www.oda.co.at\/home\/?page_id=2817"},"modified":"2022-01-12T16:33:49","modified_gmt":"2022-01-12T15:33:49","slug":"scheibentoenung","status":"publish","type":"page","link":"https:\/\/www.oda.co.at\/home\/folientechnik\/scheibentoenung\/","title":{"rendered":"Scheibent\u00f6nung"},"content":{"rendered":"<p>Sonnenschutzfolien werden&nbsp;innen&nbsp;angebracht und isolieren und reflektieren die W\u00e4rmestrahlen.<\/p>\n<ul>\n<li>Reduktion der W\u00e4rme im Fahrzeug&nbsp;bis zu 80%<\/li>\n<li>Blendreduzierung f\u00fcr bessere Sicht<\/li>\n<li>Kostenreduzierung f\u00fcr Klimatisierung<\/li>\n<li>Fast vollst\u00e4ndige Absorption der UV-Strahlen 99%<\/li>\n<li>optische Aufwertung vom Fahrzeug<\/li>\n<\/ul>\n<ul class=\"g1-grid\"><li class=\"g1-column g1-one-third g1-valign-top\" data-g1-delay=\"on\">\n<style type=\"text\/css\" scoped=\"scoped\">#numbers-counter-1 .g1-numbers__title { color:#fb4000; }#numbers-counter-1 .g1-numbers__description { color:#fb4000; }<\/style><div id=\"numbers-counter-1\" class=\"g1-numbers g1-numbers--small  g1-numbers--noicon\" data-g1-start=\"0\" data-g1-stop=\"10\"><div class=\"g1-numbers__title\">bis zu <span>10<\/span><\/div><div class=\"g1-numbers__description\">\n<p>Jahre Garantie<\/p>\n<\/div><\/div>\n<\/li><!-- -->\n<li class=\"g1-column g1-one-third g1-valign-top\" data-g1-delay=\"on\">\n<style type=\"text\/css\" scoped=\"scoped\">#numbers-counter-2 .g1-numbers__title { color:#fb4000; }#numbers-counter-2 .g1-numbers__description { color:#fb4000; }<\/style><div id=\"numbers-counter-2\" class=\"g1-numbers g1-numbers--small  g1-numbers--noicon\" data-g1-start=\"0\" data-g1-stop=\"6800\"><div class=\"g1-numbers__title\">&gt;<span>6800<\/span><\/div><div class=\"g1-numbers__description\">\n<p>Scheibent\u00f6nungen<\/p>\n<\/div><\/div>\n<\/li><!-- -->\n<li class=\"g1-column g1-one-third g1-valign-top\" data-g1-delay=\"on\">\n<style type=\"text\/css\" scoped=\"scoped\">#numbers-counter-3 .g1-numbers__title { color:#fb4000; }#numbers-counter-3 .g1-numbers__description { color:#fb4000; }<\/style><div id=\"numbers-counter-3\" class=\"g1-numbers g1-numbers--small  g1-numbers--noicon\" data-g1-start=\"0\" data-g1-stop=\"100\"><div class=\"g1-numbers__title\"><span>100<\/span>%<\/div><div class=\"g1-numbers__description\">\n<p>Qualit\u00e4tsfolien<\/p>\n<\/div><\/div>\n<\/li><!-- --><\/ul>\n<p><img loading=\"lazy\" decoding=\"async\" class=\"alignright size-full wp-image-2830\" src=\"http:\/\/www.oda.co.at\/home\/wp-content\/uploads\/2014\/11\/solarscreen.png\" alt=\"solarscreen\" width=\"135\" height=\"25\" srcset=\"https:\/\/www.oda.co.at\/home\/wp-content\/uploads\/2014\/11\/solarscreen.png 135w, https:\/\/www.oda.co.at\/home\/wp-content\/uploads\/2014\/11\/solarscreen-128x25.png 128w\" sizes=\"(max-width: 135px) 100vw, 135px\" \/><\/p>\n","protected":false},"excerpt":{"rendered":"<p>Sonnenschutzfolien werden&nbsp;innen&nbsp;angebracht und isolieren und reflektieren die W\u00e4rmestrahlen. Reduktion der W\u00e4rme im Fahrzeug&nbsp;bis zu 80% Blendreduzierung f\u00fcr bessere Sicht Kostenreduzierung f\u00fcr Klimatisierung Fast vollst\u00e4ndige Absorption der UV-Strahlen 99% optische Aufwertung vom Fahrzeug<\/p>\n","protected":false},"author":3,"featured_media":2822,"parent":2566,"menu_order":1,"comment_status":"closed","ping_status":"closed","template":"g1_template_page_nav_left.php","meta":{"footnotes":""},"_links":{"self":[{"href":"https:\/\/www.oda.co.at\/home\/wp-json\/wp\/v2\/pages\/2817"}],"collection":[{"href":"https:\/\/www.oda.co.at\/home\/wp-json\/wp\/v2\/pages"}],"about":[{"href":"https:\/\/www.oda.co.at\/home\/wp-json\/wp\/v2\/types\/page"}],"author":[{"embeddable":true,"href":"https:\/\/www.oda.co.at\/home\/wp-json\/wp\/v2\/users\/3"}],"replies":[{"embeddable":true,"href":"https:\/\/www.oda.co.at\/home\/wp-json\/wp\/v2\/comments?post=2817"}],"version-history":[{"count":7,"href":"https:\/\/www.oda.co.at\/home\/wp-json\/wp\/v2\/pages\/2817\/revisions"}],"predecessor-version":[{"id":3616,"href":"https:\/\/www.oda.co.at\/home\/wp-json\/wp\/v2\/pages\/2817\/revisions\/3616"}],"up":[{"embeddable":true,"href":"https:\/\/www.oda.co.at\/home\/wp-json\/wp\/v2\/pages\/2566"}],"wp:featuredmedia":[{"embeddable":true,"href":"https:\/\/www.oda.co.at\/home\/wp-json\/wp\/v2\/media\/2822"}],"wp:attachment":[{"href":"https:\/\/www.oda.co.at\/home\/wp-json\/wp\/v2\/media?parent=2817"}],"curies":[{"name":"wp","href":"https:\/\/api.w.org\/{rel}","templated":true}]}}